uate (153 - 187) + 65 + -9 - 101.
-79
What is -58 - -28 - -56 - 64?
-38
What is -1 + -9 - (-2941 + 2960)?
-29
Evaluate (-23 - (24 - 21 - 15)) + 11 - 96.
-96
What is the value of 11 + 1 + 1 - (570 - 610)?
53
16 - (14 + 13 + (-23 - -3)) - 57
-48
Calculate 6 + 26 - (-64 + 18 + 30).
48
What is (-11 - (-19 + 11)) + -8 + -15?
-26
Evaluate (-44 - -4) + (-11 + 34 - 24) + -1.
-42
What is the value of (5 - (0 + 3)) + -817 + 840?
25
Calculate (8 - -15) + (-11 + 14 - 0) + 8.
34
What is the value of -39 + 4 + (35 - 24 - -110)?
86
Evaluate (68 - 62 - 79) + 91.
18
What is the value of (55 - 26) + 29 + -67 + -1?
-10
What is the value of 4 + 91 - (331 - 322)?
86
What is the value of -13 - (14 - (9 - (23 + -33)))?
-8
Evaluate 55 - (6 + 5 - (84 + -97)).
31
Evaluate -73 + (-1 - (-3 - -9) - (2 - (-4 + 23))).
-63
What is the value of 46 - (-42 + 63 + (-36 - -25))?
36
Calculate -127 - -139 - (115 + -116 + (0 - (-2 - 56))).
-45
59 + (-13 - -13 - 45)
14
Calculate 3459 + -3412 - (-6 - 1).
54
Calculate 32 + -2 + -107 + 70.
-7
Calculate 75 + 1 - (-3818 - -3887).
7
What is the value of (41 - 102) + 46 - (-45 + 1)?
29
Calculate 2 + -8 - (39 + (2 - -22)).
-69
Calculate (-42 - 1) + -1 + 313 + -156 + -142.
-29
Calculate (1 - -3) + (-12 - (-5 + 44 + 22)).
-69
Calculate 0 + -7 - 1 - ((257 - 66) + -181).
-18
(23 - -1) + (5 + -1 - (-3434 + 3434))
28
Calculate (6 - 0) + 52 + -24 + 8 - 8.
34
Calculate -14 + -2 + 7 + (1373 - 1272).
92
Evaluate -3 + 8 + -33 + 203 + -184.
-9
What is the value of -127 + -84 + 81 + 98?
-32
(3 + -65 - -1) + -34 + (15 - -5)
-75
Evaluate 40 + ((9 - 35) + 16 - (1 + -4)).
33
What is -233 + (418 - 181) + (2 - (-12 - (1 - 2)))?
17
What is the value of 45 + (-6 + -11 - -8) + (3 - -7 - -3)?
49
Calculate 8 + 13 - (-353 + 392).
-18
Evaluate (10 + 1 + -2 - -5) + (-79 - 50 - -18).
-97
What is -11 + 16 + (-35 - (5 + -1)) + (-2 - 1)?
-37
What is (-1 - 21) + (11 + 3 - -3) + -2?
-7
-3 + 3 + 13 + (14 - 12) + 2
17
-11 + (9 - (2 + -6)) - (0 - -51)
-49
What is the value of (-3 - -30) + -8 + 62 + -50?
31
Evaluate -25 - (-19 - -31) - -62.
25
32 + 55 - (-72 + 35 + 31)
93
Evaluate (-11 - 35 - (-9 + -1)) + (-9 - (-23 - -18)).
-40
Evaluate -58 + 74 + 0 + -5 + -13.
-2
Calculate -29 + (-5 - (-7 + 0 - (78 + -94))).
-43
0 + (0 - -28) + 228 + -248 - -65
73
23 - 14 - (-25 + (-8 - -24))
18
What is the value of -1 - 16 - (-60 + (29 - (31 - 8)))?
37
What is -24 - (-24 + (14 + -14 - -67))?
-67
What is (5 - (26 + (15 - 21))) + -61 - -8?
-68
Calculate -5 + -42 + 11 + (-1 - -7) + -11 - 10.
-51
What is the value of 5 + (-17 - 1) + -1 + (772 - 762) + 28?
24
Calculate (53 - (15 - (-16 - (-4 + -23)))) + -6 + -2.
41
What is the value of (1 - -19) + 1759 + -1750?
29
Calculate 3 - (53 - (-1 - -5 - 2 - (-272 + 271))).
-47
What is the value of 12 - 10 - (-17 - (-13 + -5 + 14))?
15
Calculate -24 + (95 - (3 + (-3 - 13 - -17))).
67
What is 5 - -21 - (-5 + (-2 - -2 - -1) - -2)?
28
Calculate -3 - (-12 + 0 - (-7 - (-42 + 37))).
7
What is -66 - (11 + -2) - (-18 - (-13 - 3))?
-73
Calculate -18 - (205 + -225) - (-24 + 2 + 0).
24
-8 - (-336 - -343 - (-2 + -31 + 2 + 3))
-43
Evaluate (1 - (3 + -10)) + -21 + 3 + -10.
-20
What is the value of (-34 + -3 - -40) + (6 - -64)?
73
Evaluate -3443 - -3417 - (-4 + -94).
72
Evaluate -14 + 12 + 27 + (0 - -2 - -10).
37
What is 0 + (-15 - 1) + (-72 - -47) + 33?
-8
(20 - -48 - 13) + -25
30
Calculate (-455 - -382) + (39 - 4).
-38
(3 - 2) + 11 + 69 + (26 - 93) + -9
5
Evaluate -1 - (0 + (-6 + (0 - -6) - 2 - 48)).
49
What is 5 + 2 + -1 + 97 + -117?
-14
2 + -30 - -56 - 93 - -15
-50
Evaluate 1 + -54 + (95 - 94) + 18.
-34
What is the value of -7 - (22 + -5 - (6 + -9 - -17 - 9))?
-19
What is 45 + (25 + -18 - 16) - -37?
73
What is (0 - -61 - (3 - -1)) + (2983 - 3002)?
38
What is the value of -28 - (173 - 167 - (-2 - -28))?
-8
What is the value of -11 - (2 + 0 - (-6 + (-8 + 20 - 2)))?
-9
-2 + (1 - 0) + (-6 - 13) + 12 + -31
-39
What is the value of -25 + -1 + (87 - 25) + -132?
-96
Calculate -1 + (6 + -8 - -12) + -9 + -2.
-2
-30 - (21 + (-22 - -26) - 21)
-34
Calculate 2 - 3 - (8 + 31).
-40
Evaluate (11 - (-19 + 37)) + 6 - (-3 - -16).
-14
What is the value of -39 - ((-106 - -38) + -26)?
55
What is the value of -116 + (-158 - -240) + -111?
-145
Evaluate -2 + 47 + 464 + -450 + (-3 - 0).
56
Evaluate -60 + 42 + (17 - 50).
-51
Evaluate (1 + -6 - -1) + 63 - (30 + -20).
49
Evaluate 9 - (49 - 41 - (8 + -7 + 7)) - 9.
0
(292 - 324) + (57 - -6) - 51
-20
What is the value of (-4323 - -4332) + 2 + (-47 - 1)?
-37
Calculate (-23 - -10) + (-6 - (19 - 8)).
-30
Evaluate 6 - ((-24 - -50) + (-15 - -1)).
-6
What is the value of -44 + 8 + -12 - (9 - 10) - (12 - 0)?
-59
Calculate (-15 - -13) + (89 - 81).
6
94 - (-18 - (6 - 90))
28
What is 3 + (3 - 6) + -3 + (148 - 145)?
0
Evaluate (18 - (-12 - 22)) + 13 + -36.
29
(1 - (1 + -39)) + 1 + 0 + (102 - 108)
34
-3 - (142 + -163 + 79)
-61
Evaluate 10 - (-4 + (-19 - 22)) - 7.
48
-17 + -8 - ((-8 - 22) + 6)
-1
Calculate -1 - 15 - (14 - (-443 + 436 + (-1 - -22))).
-16
Calculate -30 - ((-23 - -17 - -6) + -1 + -7).
-22
Calculate -21 + (76 + -89 - (-30 - -2)).
-6
Calculate 69 + (-195 - (7 + -112)).
-21
Evaluate -3 + (10 - (-1 - 22) - -12 - -3).
45
What is the value of -2 - -3 - (-8 - (1 + 9 - -54 - 0))?
73
16 + (8 + -21 - -29 - -12)
44
-43 - (-1 + -5 - 20) - 31
-48
What is (1 - -27) + 9137 + -9093?
72
(-3 - -4) + -3 + -19 + 4834 + -4826
-13
Calculate -22 + -6 - 8 - 31.
-67
What is (-2 - 4) + ((-26 - -38) + -78 - (-13 + 1))?
-60
Evaluate -7 + -87 - (34 - (22 - -26)).
-80
-25 + (49 - 22) - (13 - -129 - (4 + 1))
-135
What is ((2 - 3) + -7 - (34 - -36)) + (-2 - -2)?
-78
Evaluate 3 + -10 + -122 + 102.
-27
Calculate 22 + -29 - ((15 - 38) + (5 - 0)).
11
132 + 25 + -95 - (3 - -8)
51
8 - ((-16 - -23 - (-7 - -9)) + 46)
-43
Evaluate -14 + -190 + 106 + 104.
6
-2 - (76 - (4 + (23 - (-1 - -16))))
-66
-11 + -14 + -52 - -60
-17
(3 - 24) + 0 + (2 - (4 - 6 - -6))
-23
Calculate -8 + (3 - (-18 + (1 - 14))).
26
47 + (30 - (21 + -10 + 9))
57
What is the value of -8 + -28 - (938 - 957)?
-17
Calculate -1320 + 1344 - (-1 + 0 - -104).
-79
What is the value of (40 - -4) + -28 + 26 + -14 + 0?
28
(1 - 16) + 3 + 132 + 29 + -147 + 95
97
What is the value of (-7 - -47) + -28 - (5 + (12 - -54))?
-59
What is the value of -53 + (6 - -51) + (0 - -1 - -10)?
15
Calculate (57 - 1) + 72 + -77 + 3 + 2.
56
Evaluate -21 + -3 + -6 + (-17 - (-21 + -25)).
-1
What is the value of (2 + 1 - 3) + (-18 - 16 - (-76 + 35))?
7
What is the value of (-12 - -8 - -6) + (8 - 1 - (24 + -11))?
-4
40 + (2 - 2) + (-129 - (-201 - -74)) + -12
26
0 + 42 - (21 - (-8 + -1 + 18))
30
Calculate (12 - 15) + (656 - 743).
-90
-3 - (-9 - -35) - -10 - (-15 - -33)
-37
(9 - 1) + (28 - 20) + -26
-10
-1 + (-3 - -9) - (-65 - (17 + -109))
-22
What is -14 + -14 - (-10 - (-42 - 6))?
-66
Calculate (-1 - -2) + 12 - (-114 - (-15 - 106)).
6
(512 - 568) + (-14 - -49)
-21
Calculate -719 + 717 - (-1 + 39 + 1).
-41
What is the value of (108 - -12) + (1 - -6) + 482 + -493?
116
2 - 38 - (-1 + 6 + 5 + (-2 - 17))
-27
Calculate 2 + 33 + (52 - 163 - -126).
50
125 + 84 + (-89 - 34)
86
What is 4 + -4 + -21 + 20 + -4 + 2?
-3
What is 24 + (8 - -33 - -9)?
74
Evaluate -67 - (80 - 172) - 179.
-154
Calculate -14 + (-7 + 24 - 0) - 1.
2
Evaluate -3 - (17 + -5 + -16) - (37 - -1 - 5).
-32
42 - -2 - (5381 - 5391)
54
What is the value of -95 - (1 + 8 + -1 - (-24 + 17 - -21))?
-89
What is (-2805 - -2790) + 49 + (-4 + 3 - -1)?
34
Calculate (31 - 38) + 14 + (15 - 0) + (-9 - -7).
20
What is the value of (0 - (2 + -3 + 1 + 10)) + -33?
-43
What is -61 - -3 - (1239 + -1368)?
71
Calculate 2 - 28 - (722 + -707).
-41
What is -25 + (-19 - (7 + -17)) + (5 + -9 - 4)?
-42
What is 1 + 0 - -7 - (8 - 1) - 13?
-12
What is 2 - ((57 - (0 - -1)) + -787 + 770)?
-37
Evaluate 118 + -80 + 43 - 40.
41
What is the value of -23 - -21 - (1 + 6) - (-32 - -18)?
5
What is -209 + 209 + -44 + 5?
-39
What is the value of -1283 + 1311 + 0 + (4 - (1 + -2 + -1))?
34
What is -54 - (-51 - (118 - 156))?
-41
238 + -152 + -18 + (38 - -3)
109
What is (-13 - (0 - 10)) + 2 + (3 + -6 - -1)?
-3
Evaluate -128 + 61 + -49 + -29 + 4 + 2.
-139
(-12 - 2 - -1) + (-1387 - -1398)
-2
21 + 74 + (34 + -44 - 28)
57
What is the value of 17 - (9 - (4 - (16 - 34)))?
30
What is 2 - (-22 + 34 + -31)?
21
What is -41 - (-2 + 6 + -10 + 58)?
-93
Evaluat